ase 3.
-20101
What is 322 (base 7) in base 2?
10100011
-823b (base 15) to base 2
-110101101110010
Convert -377 (base 8) to base 11.
-212
-202130 (base 5) to base 2
-1100110001100
What is bc8 (base 13) in base 10?
2023
Convert 22504 (base 8) to base 13.
445b
What is -37463 (base 11) in base 5?
-3210133
What is -710 (base 13) in base 10?
-1196
What is -208 (base 9) in base 4?
-2222
-261 (base 9) to base 10
-217
What is -880 (base 9) in base 11?
-5a5
-12124 (base 10) to base 6
-132044
What is -120200022 (base 3) in base 14?
-4245
-5959 (base 16) to base 13
-a546
Convert 1a10 (base 15) to base 10.
5640
-13351 (base 6) to base 12
-1257
What is -70b9 (base 12) in base 10?
-12237
Convert -3032 (base 8) to base 4.
-120122
What is -4288 (base 12) in base 11?
-5540
What is 562 (base 11) in base 12?
481
Convert -137 (base 10) to base 9.
-162
Convert 1241 (base 5) to base 2.
11000100
Convert 1525 (base 6) to base 16.
19d
What is d6c3 (base 14) in base 2?
1001000010011011
Convert -10732 (base 8) to base 11.
-3485
What is 22206 (base 9) in base 14?
5536
What is 32654 (base 9) in base 6?
244204
Convert 10242 (base 10) to base 6.
115230
What is 5513 (base 14) in base 12?
8625
Convert 221120220 (base 3) to base 16.
48de
2385 (base 13) to base 11
3845
Convert 128 (base 16) to base 11.
24a
What is 2256 (base 10) in base 16?
8d0
What is -11010100001111 (base 2) in base 9?
-20562
-101010110000 (base 2) to base 3
-10202100
What is 2614 (base 9) in base 13?
b77
Convert -1202443 (base 5) to base 9.
-33460
What is 20153 (base 6) in base 2?
101001100101
Convert 99a (base 16) to base 12.
150a
What is -27bb (base 16) in base 5?
-311141
-20112210 (base 3) to base 15
-1633
What is -33 (base 11) in base 10?
-36
12382 (base 13) to base 15
9e2d
10122110 (base 3) to base 15
bc3
c0 (base 15) to base 13
10b
-363 (base 13) to base 14
-300
540 (base 8) to base 11
2a0
Convert 10664 (base 9) to base 7.
26500
161 (base 8) to base 7
221
What is 24743 (base 9) in base 14?
60cc
What is -3031 (base 5) in base 14?
-1dd
What is -4604 (base 7) in base 10?
-1670
Convert 21222 (base 6) to base 16.
b4e
What is -1613 (base 7) in base 8?
-1207
What is -143 (base 14) in base 10?
-255
-100010131 (base 4) to base 8
-200435
-15501 (base 7) to base 2
-1000100001010
What is -1331 (base 6) in base 5?
-2333
What is -42721 (base 8) in base 12?
-a415
What is -941 (base 10) in base 8?
-1655
Convert -540321 (base 6) to base 2.
-1010110010011001
Convert 7c8a (base 14) to base 5.
1143212
-2287 (base 12) to base 3
-12021111
Convert 2600 (base 15) to base 2.
1111110100100
What is -1575 (base 9) in base 16?
-4b2
724 (base 15) to base 10
1609
Convert -573 (base 10) to base 7.
-1446
What is 12133 (base 7) in base 12?
19b4
Convert -1100011010 (base 2) to base 16.
-31a
What is -433341 (base 5) in base 7?
-61166
Convert 200303 (base 4) to base 15.
94e
What is 847 (base 16) in base 5?
31434
What is 611 (base 9) in base 14?
276
346a (base 16) to base 5
412133
What is -15334 (base 6) in base 2?
-100111001010
3433 (base 15) to base 6
123133
-1831 (base 10) to base 2
-11100100111
-100000000011 (base 2) to base 13
-c1a
What is -119 (base 10) in base 14?
-87
What is 2003 (base 13) in base 6?
32205
Convert 583a (base 12) to base 5.
303323
Convert -221202110 (base 3) to base 5.
-1100102
Convert -23231 (base 4) to base 14.
-3b7
Convert 10111100 (base 2) to base 16.
bc
What is 110010111010 (base 2) in base 16?
cba
What is -592 (base 14) in base 5?
-13413
-5573 (base 8) to base 9
-4025
-1011022 (base 3) to base 10
-845
Convert 156 (base 8) to base 16.
6e
-14a5 (base 11) to base 10
-1930
What is 4303212 (base 5) in base 4?
101221303
Convert 515235 (base 6) to base 7.
231362
Convert -c4eb (base 15) to base 6.
-520405
Convert 13a1 (base 11) to base 5.
24210
What is -549 (base 10) in base 6?
-2313
Convert 1526 (base 7) to base 12.
428
55a (base 11) to base 2
1010011110
What is -142 (base 6) in base 11?
-57
-4100 (base 8) to base 3
-2220020
What is 6303 (base 7) in base 5?
32313
What is -62064 (base 7) in base 16?
-3b22
Convert -1314 (base 5) to base 10.
-209
What is -101100001 (base 2) in base 9?
-432
Convert -25311 (base 6) to base 14.
-1547
What is 64 (base 11) in base 14?
50
Convert -111011100101110 (base 2) to base 15.
-9090
What is 1012221201 (base 3) in base 10?
24022
What is -963 (base 16) in base 2?
-100101100011
10422 (base 6) to base 13
87b
Convert -7711 (base 8) to base 11.
-3044
38 (base 10) to base 9
42
Convert 16e (base 16) to base 10.
366
-848 (base 9) to base 13
-413
10100001110000 (base 2) to base 8
24160
Convert -156a3 (base 11) to base 2.
-101011001110111
e2e (base 15) to base 6
22442
-383 (base 10) to base 3
-112012
40222 (base 6) to base 16
1496
Convert 657 (base 12) to base 4.
32203
What is 1213222 (base 4) in base 11?
4a91
Convert -21392 (base 13) to base 3.
-10001020012
-430 (base 7) to base 15
-e7
Convert 12667 (base 8) to base 15.
19a9
29 (base 11) to base 4
133
-110100110010 (base 2) to base 11
-25a1
-13311 (base 4) to base 11
-416
Convert -1655 (base 15) to base 13.
-2258
What is -662 (base 11) in base 10?
-794
-110101011 (base 2) to base 15
-1d7
Convert 31b (base 14) to base 3.
211201
Convert 112 (base 11) to base 8.
206
32000 (base 8) to base 11
a002
What is -129a (base 14) in base 12?
-1a88
Convert 62611 (base 7) to base 12.
8aaa
What is 105350 (base 6) in base 13?
412b
What is -11623 (base 12) in base 4?
-11230323
-462 (base 7) to base 14
-132
What is 414 (base 8) in base 5?
2033
What is -2211 (base 4) in base 12?
-119
Convert -132122 (base 4) to base 10.
-1946
-2562 (base 8) to base 5
-21034
Convert -3596 (base 12) to base 6.
-43510
What is -32424 (base 6) in base 14?
-18c0
What is -1036 (base 13) in base 14?
-b62
11a6 (base 16) to base 8
10646
Convert 58d0 (base 14) to base 13.
7070
Convert 178 (base 11) to base 4.
3032
Convert 4723 (base 8) to base 9.
3404
What is -e7d (base 15) in base 9?
-4431
-156c (base 13) to base 10
-3132
Convert -201021001 (base 3) to base 16.
-36d9
c49 (base 15) to base 12
1729
Convert -11002122 (base 3) to base 10.
-2987
What is -210000 (base 5) in base 13?
-318b
Convert -232332 (base 4) to base 9.
-4110
What is -6a8a (base 11) in base 10?
-9294
What is -2b2 (base 12) in base 6?
-1542
33936 (base 10) to base 11
23551
941 (base 11) to base 3
1120000
What is -2567 (base 14) in base 7?
-25060
Convert -2201133 (base 5) to base 9.
-56603
What is -201022 (base 3) in base 14?
-293
What is -2a67 (base 13) in base 2?
-1100000011001
What is -12121 (base 6) in base 14?
-90d
Convert -12215 (base 9) to base 12.
-48ab
What is 110011011100100 (base 2) in base 7?
136536
Convert -23205 (base 10) to base 14.
-8657
Convert 57821 (base 9) to base 14.
100b5
Convert -451 (base 13) to base 3.
-1000111
3631 (base 8) to base 11
1509
200200020 (base 3) to base 10
13614
What is 318 (base 11) in base 6?
1434
What is -43 (base 11) in base 16?
-2f
-22102 (base 3) to base 5
-1402
Convert -8a82 (base 14) to base 3.
-1012221212
-c52 (base 14) to base 4
-211320
Convert 20330 (base 9) to base 7.
54021
What is -115224 (base 6) in base 8?
-24000
Convert 1160 (base 12) to base 2.
11110011000
-122213 (base 5) to base 6
-33403
-37057 (base 9) to base 11
-17730
Convert 8b16 (base 14) to base 6.
303412
What is -14823 (base 9) in base 14?
-39aa
Convert 13210 (base 4) to base 15.
224
What is 329 (base 15) in base 13?
42c
Convert -26837 (base 10) to base 4.
-12203111
21444 (base 6) to base 16
ba4
Convert 253 (base 12) to base 10.
351
4452 (base 8) to base 4
210222
Convert -1b (base 14) to base 13.
-1c
What is 1300303 (base 4) in base 7?
30022
Convert -431 (base 11) to base 12.
-372
-4588 (base 10) to base 2
-1000111101100
What is -2367 (base 13) in base 6?
-35030
What is -10121202 (base 3) in base 12?
-163b
Convert 110cd (base 14) to base 12.
1bb11
What is -1ff (base 16) in base 5?
-4021
Convert -1c83 (base 16) to base 12.
-4283
Convert 12203103 (base 4) to base 12.
13643
-1a719 (base 12) to base 16
-9885
What is d57 (base 15) in base 12?
18a7
What is -83d (base 14) in base 5?
-22443
What is 25a (base 13) in base 3?
120022
What is 112033 (base 4) in base 3?
1221201
Convert 202230 (base 4) to base 10.
2220
Convert 1201001 (base 3) to base 14.
64b
What is -3dc (base 14) in base 7?
-2165
What is -1741 (base 12) in 